first derivative of x**4/4 + x**3 - 2*x**2 - 3*x + 10. Let f(p) = 6*p - 46. Let v be f(7). Determine y(v).
-3
Let t(f) be the second derivative of -f**4/12 + 2*f**3/3 + f**2/2 + 151*f + 4. Determine t(-2).
-11
Let u(v) = -5*v**3 - 6*v**2 + 4*v + 20. Let g(s) = 3*s**3 + 4*s**2 - 2*s - 13. Let k(o) = 8*g(o) + 5*u(o). Suppose p + 2 = 6. Determine k(p).
-20
Suppose -104*o = -96*o - 16. Let u(d) = 10*d**o + 35*d**3 + 5*d - 34*d**3 - 3*d + 15. Calculate u(-10).
-5
Let z(a) = -16 - 90*a**2 + 27*a**2 + 24*a**2 + 28*a**2 + 16*a. Let r(m) = 24*m**2 - 34*m + 32. Let p(y) = 6*r(y) + 13*z(y). Calculate p(-7).
5
Let o(y) be the third derivative of -y**6/120 + y**5/10 + 5*y**4/12 + 9*y**3 + 4*y**2 + 389. Give o(8).
6
Let h(n) = -4*n**2 + 19*n - 16. Let k(y) = 11*y**2 - 54*y + 47. Let m(j) = -8*h(j) - 3*k(j). Calculate m(10).
-13
Suppose 20 = 4*y - 9*y. Let x(g) = 11 + 2*g**2 - 2 - 86*g + 87*g - 14. Determine x(y).
23
Let f = -8 + 10. Let q be (f - 39/15)*-5. Let r(d) be the second derivative of d**4/12 - d**2 + 2*d - 1310. Determine r(q).
7
Let v(o) = -12*o**2 + o. Let z = -346 + 330. Let s(t) = t**3 + 18*t**2 + 31*t - 15. Let f be s(z). Give v(f).
-11
Let t(s) = s**2 - 19*s + 11. Let x = 1547 - 1533. What is t(x)?
-59
Let v(t) = -t**3 + 3*t**2 + t - 1. Let b(c) = 7*c**3 - 12*c**2 - 10*c + 22. Let z(f) = b(f) + 6*v(f). Determine z(-7).
-5
Suppose -2 = -v + 2. Suppose -v*w = -0*j + 3*j + 3, -5*j + 18 = -w. Let q(m) = -4*m**3 - 2 + m**3 + 2 + 4*m**3. What is q(w)?
-27
Let d = 53 - 53. Suppose 11 = 3*b + p - 9, d = b - p - 4. Let w be (9/b)/(12/40). Let t(o) = o**2 - 7*o + 3. What is t(w)?
-7
Let n(w) = w + 2 - 2*w + 4*w. Let t = -445 - -456. Suppose -d = -4*j - t, 8*d = 10*d + 4*j + 26. Give n(d).
-13
Let v(h) = -8*h + 149. Let w be v(16). Let x be 20/((-2 - -3)*(w - 23)). Let o(n) = -n + 13. Determine o(x).
23
Suppose 27 = 8*m + 171. Let y be (-6)/m*-1 - 58/(-3). Let t(d) = y + 0*d - d**2 + 19 - 37 + 7*d. What is t(5)?
11
Let f be (1 + 21)*(-2)/(-4). Let l(m) be the third derivative of m**4/24 - 13*m**3/6 - 44*m**2 - 34*m. Determine l(f).
-2
Suppose 21*k + 25 - 46 = 0. Suppose 1 = q + t, 0 = q + 2*t - 5*t - 5. Let r(m) = -2*m - 3*m - q*m. Determine r(k).
-7
Let o be -5 - (0/(-12 + 8))/(0 - 1). Let h(l) = l**3 + 2*l**2 - 11*l + 3. What is h(o)?
-17
Suppose -3*w + 5*p - 196 = 0, p - 128 = 2*w - 3*p. Let r = -64 - w. Let i(c) = c - 7. Determine i(r).
1
Let c(s) = -s**3 - 16*s**2 - 19*s - 40. Let f = 30668 + -30683. Calculate c(f).
20
Suppose 0 = 5*l + 4 + 1. Let z(d) = d - 29*d**2 + 93 + 96 + 100 + 92 - 380. Calculate z(l).
-29
Let k(i) = -3*i**2 - 14*i + 3. Let b(a) = 7*a**2 + 29*a - 6. Let m(j) = 4*b(j) + 9*k(j). Let s(z) = -12*z**2 - 56*z + 27. Let q be s(-5). Calculate m(q).
-18
Let x(z) = -z + 5. Let o(v) = -18*v + 121. Let w(r) = o(r) - 6*x(r). Give w(7).
7
Let j = 120 + -95. Let r(x) = 7 - 3 + j*x + 24*x - 47*x. Suppose 2*u + 6 = 0, -3*t + 4*u - 2 = 4. Give r(t).
-8
Let b = 1821 + -1824. Let v(h) = 6*h - 4. Give v(b).
-22
Let q(x) = 29*x**2 + 3*x - 19. Let c(w) = 9*w**2 + w - 5. Let a(m) = 13*c(m) - 4*q(m). Determine a(6).
53
Let g = 114 - 117. Let b be (g*3)/((156/(-8))/13). Let r(o) = o**2 - 7*o + 1. Calculate r(b).
-5
Let a(r) = -r**2 - 174*r - 175*r + 4 + 1 - 176*r + 701*r - 179*r. Let q(k) = -k - 2. Let o be q(3). Calculate a(o).
-5
Let t(i) be the third derivative of 5/6*i**3 + 0*i + 1 + 1/120*i**6 + 1/12*i**5 - 1/6*i**4 - 2*i**2. Calculate t(-6).
-7
Let q be (-1 + 2)/(1 + 4/(-5)). Let r(h) = -3*h - 73*h**2 + 38*h**2 + 38*h**2. Let g(m) = -7*m**2 + 5*m + 1. Let u(t) = q*r(t) + 2*g(t). Give u(5).
2
Let z(d) = d**2 + 16*d - 22. Let r = 52 + -44. Let i(p) = -p**2 - 10*p + 14. Let a(x) = r*i(x) + 5*z(x). Calculate a(2).
-10
Let i(v) = -45*v + 27*v - 8*v - 22 + 27*v. Calculate i(-5).
-27
Let v(o) = 2*o**2 + 12*o - 12*o**2 - o**3 - 6*o**2 - 11 + 30*o**2. Determine v(15).
-56
Let g = -5166 + 5167. Let p(t) = 55*t**2 - 2*t + 2. Give p(g).
55
Suppose -2*p + z - 109 = 2*p, 0 = 2*p + 2*z + 42. Let v(f) = 2*f**2 - 10*f - 7. Let t be v(9). Let b be 37/(-5) - p/t. Let j(x) = x + 2. Give j(b).
-5
Let q be 2 + 0 - (1 - 1). Suppose -13 = 12*t + 71. Let a be (9 + t)*(-3)/q. Let s(i) = i - 4. Calculate s(a).
-7
Let h be 23/9 - 44/(-99). Suppose -h*u + 4 - 7 = 0, 2*u + 11 = -3*p. Let m(l) = 3*l**2 - 2 + 0 + l**3 + l - 4*l. Determine m(p).
7
Let p(f) = 6*f - 3 + 11*f - 6 - 22*f. Let s be p(-2). Let b(u) = -u**3 + 1. Calculate b(s).
0
Let z = -165 + 241. Let l be (z/(-19))/(1/14). Let a = l + 61. Let h(y) = y**3 - 4*y**2 - 8*y + 6. What is h(a)?
-9
Let c(l) = -97*l**2 - 87*l**2 - 101*l**2 - 106*l**2 - 16 - 32*l + 382*l**2. Determine c(-3).
-1
Let q be 3*1 - 15/15. Let r(y) = -6 - 2*y + q*y + 3*y + 8. Calculate r(5).
17
Let b be (45/(-18)*6)/(-5). Let o(l) = -179*l - l**b - 2*l**2 + l**2 - 4 + 180*l - 9. What is o(0)?
-13
Let j(r) be the first derivative of -r**2/2 + 6*r + 4. Suppose -3*m + 4*o = -12, -3*m + 5*o + 10 = -2. Calculate j(m).
2
Let f(r) = -r**3 + 5*r**2 + 3*r + 6. Let h be -68*(-1)/(-6)*-3. Suppose 5*d + 4*b - h = 0, -4*b = -2*d - b + 9. What is f(d)?
-12
Let y(r) be the first derivative of r**2 + r + 458. Suppose -2*c = 3*c - 45. Suppose -h - 4*h = j, -c = j - 4*h. Calculate y(j).
-9
Let d(x) = x + 14. Let g be d(-9). Suppose -3*a + g = -0*u + u, -u - a = -3. Let h(j) = -3*j**2 + 2*j - 312 + 314 + u*j**2. What is h(3)?
-1
Let o(g) = 3*g - 436. Let r(k) = k - 96. Let a(l) = -2*o(l) + 9*r(l). Give a(2).
14
Suppose 2*h - 4*y = -5*y + 16, -4*h + 26 = y. Let z(d) = d**3 - 7*d**2 + 8*d - 7. What is z(h)?
-17
Let k = 9 + -7. Suppose 4*c = 2*r + 2, -5*r + 3 - 8 = k*c. Let z(x) = 9*x + 132471 - 8*x - 132467. What is z(c)?
4
Suppose 8*m = 2*m - 708. Let p = m - -124. Let k(d) be the first derivative of -d**4/4 + 4*d**3/3 + 3*d**2 + 5*d + 1. Calculate k(p).
-31
Suppose 3*v + 6*v - 162 = 0. Suppose 21 = 3*u - v. Let c(p) = -33*p**3 + 3 + 3*p + 3*p**2 + u*p**3 + 10*p**3 + 11*p**3. Calculate c(-3).
-6
Let k(i) = 17*i - 26*i + 5*i + 6 + 15. Calculate k(7).
-7
Let x(a) be the third derivative of -a**6/120 + 11*a**5/60 - a**4/3 - 7*a**3/3 + 244*a**2. Determine x(10).
6
Suppose -15*x + 17*x = 3*z + 14, 20 = 5*x. Let t(m) be the first derivative of -1 - 5/2*m**2 - 1/3*m**3 - 2*m. Give t(z).
4
Let c be ((-6)/(-8)*-2)/((4 - -2)/24). Let n(s) = -24*s + 3. What is n(c)?
147
Let r(g) = 119*g + 78 - 73 + 126*g - 366*g + 116*g. Calculate r(-1).
10
Let a(x) = -4*x + 42. Let h be a(10). Let v(f) = 2*f + 0*f + 2*f - h + 0*f. Calculate v(-6).
-26
Let b(w) = 10 + 5*w**2 - 7 - 4 - 2*w. Let f be ((-14)/(-21))/((-2)/3) - -3. Suppose 10 = -5*u + 3*c + 2*c, 3*u = -c - f. Calculate b(u).
6
Let j(b) = -24*b - 619. Let d(h) = -95*h - 2450. Let c(q) = 4*d(q) - 15*j(q). Determine c(-26).
5
Suppose -29*s - 22*s - 168 = 5*s. Let u(m) = -m**3 - 7*m**2 - 13*m - 3. Give u(s).
0
Suppose 0*k + 2 = k. Suppose 0 = d - 3*s - 6, 3*d - 8 = d + 2*s. Let x(l) = -l - 7*l**3 + 4*l**2 - k*l**2 + 2*l**d - 4*l**3. Calculate x(1).
-8
Let u(t) be the first derivative of t**3/6 - 5*t**2/2 - 13*t + 26. Let h(b) be the first derivative of u(b). Determine h(0).
-5
Let c(g) = -6*g**2 - 6. Let a(w) = -w**2 - w - 1. Let o = 20 - 21. Let s(l) = o*c(l) + 5*a(l). Determine s(3).
-5
Let q be (-12 - (-71)/6)*0. Let m(a) = a**2 - 5*a + 12. Calculate m(q).
12
Let h(d) = d - 5339 - 5337 + 10648. Calculate h(12).
-16
Let v(g) = -35308 + 3*g**2 + 11771 + 11766 + g + 11758. What is v(5)?
67
Let w be ((-9)/((-9)/4))/((-1)/2). Let d(p) be the third derivative of -p**6/120 - 3*p**5/20 - p**4/3 + p**3 - 3*p**2 - 52*p. Give d(w).
6
Suppose 3*c = -6, 2*y - 1 = -y - 4*c. Let x(a) be the first derivative of -88 - a**3 - 3/2*a**2 + 1/4*a**4 + 2*a. Give x(y).
-7
Let j(d) = d + 2. Suppose 0 = 3*b - 2*m + 5*m + 9, -18 = 2*b + 5*m. Let v(r) = -1. Let f(x) = b*v(x) + j(x). Let w = 7 + -3. Give f(w).
5
Let k(j) = -49*j - 12. Let d(s) = 228*s + 58. Let m(v) = -3*d(v) - 14*k(v). Suppose 2*y = -5*c + 3*y + 21, -2*c + 22 = 3*y. Give m(c).
4
Let v be (-3)/3 + 84/(9/3). Let y = -24 + v. Suppose 6 = y*r - 15. Let a(j) = -j**3 + 8*j**2 - 6*j + 3. Give a(r).
10
Suppose 107 = 6*r + 269. Let a be (r/(-15))/(45/(-150)). Let f(i) = 3*i - 12*i - 6*i**2 - 1 + 4*i**2. Calculate f(a).
-19
Let z = 240 + -238. Let b(n) = n**3 - n**2 - n - 5. Let i be b(z). Let v(o)